r when 42 is divided by j.
9
What is the remainder when 39 is divided by (13/3)/((-3)/45*-5)?
0
Let x(j) = -27*j**3 + j**2 + 3*j + 1. Calculate the remainder when x(-2) is divided by 21.
5
Let t(y) = -3*y + 3. Let k(p) = -5*p + 4. Let d(w) = 5*k(w) - 8*t(w). Let l be d(-6). Suppose 0*h = -l*h + 4. What is the remainder when 7 is divided by h?
1
Let r = 318 - 156. What is the remainder when r is divided by 55?
52
Suppose 5*l = 6*l + 3. What is the remainder when ((-8)/l + -3)*-75 is divided by 7?
4
Suppose -12*n + 10*n + 102 = 0. Let v = -46 + n. What is the remainder when 12 is divided by v?
2
Suppose 0*s - 3*s = -105. Suppose -3*g + s = -1. Suppose l + 5*b = 42, b - 6*b - 5 = 0. Calculate the remainder when l is divided by g.
11
Suppose -u - 18 = -3*u. Let f = -560 - -595. What is the remainder when f is divided by u?
8
Let p be (-3 + -15)/2*-6. Let w be p/(-8) - 18/(-24). What is the remainder when 16 is divided by ((-9)/w - 1)*10?
1
Suppose -6*y = -3*y + 84. What is the remainder when (y/70)/((-1)/165) is divided by 23?
20
Suppose -5*t - 11 + 41 = 0. Calculate the remainder when t*(-6)/(-9) - (2 + -106) is divided by 22.
20
Let p(c) be the first derivative of -c**4/4 + 10*c**3/3 - 9*c**2/2 + 6*c - 38. Calculate the remainder when p(8) is divided by 7.
6
Suppose 4*x = 5*k + 59, 4*x = -2*k + 65 + 29. Suppose -9 = -3*n, -3*n = 3*b + 73 - 19. What is the remainder when (-825)/b - 14/49 is divided by x?
18
Let m be (-22)/8*4/1. Let h = 15 + m. What is the remainder when 214/14 + 2/(-7) is divided by h?
3
Suppose -h + 80 = -79. What is the remainder when h is divided by -3*(-6)/(-9) - -25?
21
Let s(c) = c**3 - 6*c**2 - 20*c - 13. Calculate the remainder when 695 is divided by s(9).
45
Suppose 5 + 5 = 5*u. Suppose -5*h = 5*t - 45, 3*h = -3*t - 2*t + 53. What is the remainder when t is divided by ((-7)/(-2))/(u/4)?
6
Suppose 3*z = o - 2*z - 121, -5*z = 10. Calculate the remainder when o is divided by 14.
13
Let k(w) = 2*w + 28. Suppose 7*v + 4 = 5*v - 4*i, 4*v + 5*i = -20. Calculate the remainder when 23 is divided by k(v).
7
Let q(u) = -u - 1. Let f(r) = 28*r**2 - 7*r + 9. Let v be f(2). Let c = -98 + v. Calculate the remainder when c is divided by q(-4).
0
Suppose -13 = 5*h - 4*b, b - 2 = 4*h + 4. Let c = 5 - h. Suppose 0 = -g - c + 13. What is the remainder when 20 is divided by g?
6
Let u(f) = -15*f. Let t(n) = 5*n**3 - 4*n**3 + 6*n - 8*n + 7*n + 9*n**2 - 4. Calculate the remainder when t(-7) is divided by u(-1).
14
Suppose 2*n = -3*c + 97, -42 + 167 = 5*c - 4*n. What is the remainder when 95 is divided by c?
8
Let b(g) = -7*g + 2*g**3 - 3*g**2 - g**3 + 1 + 1. Let p = 56 - 46. What is the remainder when b(5) is divided by p?
7
Suppose 28*a - 672 = -0*a. Calculate the remainder when 95 is divided by a.
23
Let z(t) = -6*t**3 - 5*t + 1. Calculate the remainder when z(-2) is divided by 12.
11
Let k be (-26 - -3 - 0)*1. Suppose -a + 0*a = 3*g - 61, 0 = 2*a + 2*g - 114. Let c = a + k. Calculate the remainder when c is divided by 11.
10
Let z = -76 - -93. Suppose -2*s - 78 = 282. Let t = -114 - s. Calculate the remainder when t is divided by z.
15
Let y(d) = -109*d**3 + 2*d**2 + 2*d + 2. Calculate the remainder when y(-1) is divided by 3/(-9) - 140/(-6).
19
Let p = 14 + -2. Let j = -33 - -28. What is the remainder when j/((-15)/p)*8 is divided by 17?
15
Let l = -36 + 38. Suppose 4*b + l*d = 174, 0*b - 3*d - 107 = -2*b. What is the remainder when b is divided by 17?
12
Let k = -1912 + 1950. Calculate the remainder when 151 is divided by k.
37
Suppose -63*i + 15105 = -44*i. What is the remainder when i is divided by 21?
18
Let g = 118 - 72. What is the remainder when 871 is divided by g?
43
Let b = 42 - 7. Let k = -13 + b. What is the remainder when -2 - (-2 + -63 + -1) is divided by k?
20
Let n(f) = 3*f**2 + 24*f + 9. Suppose -4*i - 207 = -0*p - p, -3*p = 4*i - 573. Calculate the remainder when p is divided by n(-8).
6
Suppose 2*u = -u. Suppose 7*l - 3*l - 12 = 0. What is the remainder when l - (u/4 + -3) is divided by 3?
0
Let v = 117 + -117. Suppose v*r + 33 = 2*d - 5*r, 4*d - 21 = r. Calculate the remainder when 26/(-8)*2*-2 is divided by d.
1
Let n(p) = p**3 - 15*p**2 + 11*p + 65. What is the remainder when 148 is divided by n(14)?
10
Let y = -17 - -15. What is the remainder when 69 is divided by (41 + -5)*y/(-6)?
9
Suppose -30 - 14 = 2*l + 4*a, 5*l = 4*a - 68. Let d = 79 + l. Calculate the remainder when d is divided by 16.
15
Suppose g + 2*g - 15 = 0. Let l = 0 + g. Let v = -8 + 14. Calculate the remainder when v is divided by l.
1
Let w(z) = 25*z**2 - 17*z + 69. Calculate the remainder when w(4) is divided by 37.
31
Suppose 2*u - 2*j = 2*j + 98, 2*j + 237 = 5*u. Suppose 180 = 7*t - 457. Calculate the remainder when t is divided by u.
44
Suppose 0 = -2*s - 2*b - 3*b + 59, 0 = 3*b - 3. Calculate the remainder when 121 is divided by s.
13
Let j = 29 + -17. What is the remainder when 2/(-3 - 210/(-69)) is divided by j?
10
Suppose 5*a + 86 = 626. Let o = -1270 + 1298. What is the remainder when a is divided by o?
24
Let q = 35 + -70. Calculate the remainder when 83 is divided by (q/(-7) - 60)*2/(-5).
17
Let h be ((-4)/6)/(7/(-42)). Let x be 1*h + -9 + 16. Let y = x + 9. Calculate the remainder when 37 is divided by y.
17
Suppose -5*x - 5*q = -305, -5*q - 4 = x - 61. What is the remainder when 1300 is divided by x?
60
Let c(b) = b**3 + 51*b**2 + 137*b - 22. Calculate the remainder when c(-48) is divided by 64.
58
Calculate the remainder when 10/(-85) + (210180/51)/10 is divided by 107.
91
Let b = 1290 + -1178. Suppose -5*g - 45 = -5*o, 2*o - 2*g - 27 = 3*g. What is the remainder when b is divided by o?
4
Let n(y) = y**2 - y - 27. Let v be n(0). Let z = -21 - v. What is the remainder when z is divided by 2?
0
Let o(h) = -h**2 - 532*h + 5428. Let g = -60 - -96. What is the remainder when g is divided by o(10)?
4
Suppose 25 = 4*u + x - 0, 0 = 2*u - 2*x. Suppose -82 - 63 = -u*j. Suppose 5*v - 85 = -2*n, 2*v = 3*n - 2*n + 25. Calculate the remainder when j is divided by v.
14
Let m(p) = p**2 + 4. Let y be m(2). Let k be -2 + (y - (-9)/(-3)). Suppose 0 = -k*q + 142 + 23. Calculate the remainder when q is divided by 14.
13
Let i(d) be the first derivative of -11*d**2/2 - 5*d + 18. What is the remainder when i(-8) is divided by 14?
13
Let q = 277 - 255. Calculate the remainder when 351 is divided by q.
21
Let k = 121 - 108. What is the remainder when 60 is divided by k?
8
Let t = 15 - -14. Suppose f = 4*l - 231, -2*l = -3*f - 144 + 11. Calculate the remainder when l is divided by t.
27
Let h = -93 - -132. What is the remainder when h is divided by -1 - ((-31)/93)/(1/33)?
9
Let y(v) = -5*v + 6. Let p be y(-8). Suppose x - p = -x. Suppose 2*n = 1 + x. Calculate the remainder when n is divided by 7.
5
Let u(c) = -c**2 + 17*c + 9. Let g be u(9). Suppose -f = -4*f - g. Let n = f - -54. What is the remainder when n is divided by 6?
3
Suppose 1302 + 1218 = 20*p. Calculate the remainder when p is divided by 19.
12
Calculate the remainder when 1000 is divided by ((-39)/156)/((-1)/68).
14
Let m(k) = -3*k + 27. Let j be m(8). Let i be j/(-1) - (-9 - 90). Let u = i + -64. Calculate the remainder when u is divided by 12.
8
Suppose 2*k - 6 = k. Let x(y) = -6*y - 8 + y**2 + 9*y - k*y. Calculate the remainder when x(6) is divided by 6.
4
What is the remainder when 1/(-5) + 32688/90 is divided by 6?
3
What is the remainder when 44 is divided by (-33)/(7 - 18) + 6?
8
Let r(c) = -c**3 + 4. Let f be r(0). Suppose 0 - f = -2*n. Let o = n - -6. Calculate the remainder when 15 is divided by o.
7
Let f = 578 + -477. Calculate the remainder when 316 is divided by f.
13
Suppose 3*o = -5*i + 603, 4*o + 363 = 4*i - 113. Suppose -19 = 3*r - 4*z - 75, 2*r = -4*z + 24. Calculate the remainder when ((-6)/(-4))/(6/i) is divided by r.
14
Suppose -p + 104 = -4*o - o, 4 = -o. Suppose 2*g + 6 = 0, -4*g - p = -4*v + 428. What is the remainder when v is divided by 32?
29
Let s(r) = -r**3 - 8*r**2 + 9*r - 1. Let j be s(-9). Let n be (0 - -3) + j - 11. What is the remainder when 61 is divided by (n/6)/((-1)/14)?
19
Let b(n) = -n**2 + 23*n - 8. Let k be b(24). Let w = k + 45. What is the remainder when w is divided by 4?
1
Let o(y) = -y**2 - 5*y**3 - y + 2*y**3 - y**3 + 18 + 3*y**3. What is the 